 31009247 is divided by 25522.
17
What is the remainder when 1657655 is divided by 22?
21
What is the remainder when 1964924 is divided by 654642?
998
What is the remainder when 23670123 is divided by 994?
1
What is the remainder when 20627 is divided by 10095?
437
Calculate the remainder when 43641583 is divided by 8728315.
8
What is the remainder when 997161 is divided by 31?
15
What is the remainder when 101996851 is divided by 43?
34
Calculate the remainder when 98469 is divided by 12298.
85
What is the remainder when 385008 is divided by 128058?
834
What is the remainder when 614813 is divided by 12055?
8
What is the remainder when 531900973 is divided by 4?
1
What is the remainder when 2468749 is divided by 816?
349
Calculate the remainder when 1427797 is divided by 29742.
181
What is the remainder when 57170 is divided by 4068?
218
What is the remainder when 22392 is divided by 9201?
3990
What is the remainder when 273100 is divided by 547?
147
What is the remainder when 15378272 is divided by 2196895?
7
Calculate the remainder when 669160 is divided by 60817.
173
What is the remainder when 6745743 is divided by 89?
77
Calculate the remainder when 73363 is divided by 1996.
1507
What is the remainder when 11407072 is divided by 99?
94
Calculate the remainder when 15834479 is divided by 19.
12
Calculate the remainder when 162163979 is divided by 660.
659
What is the remainder when 22910401 is divided by 3272904?
73
Calculate the remainder when 1659052 is divided by 93.
25
Calculate the remainder when 406243 is divided by 636.
475
Calculate the remainder when 7231709 is divided by 30.
29
What is the remainder when 8488025 is divided by 1614?
1613
What is the remainder when 17752598 is divided by 147?
143
Calculate the remainder when 6268272 is divided by 28.
24
Calculate the remainder when 25417511 is divided by 753.
749
Calculate the remainder when 189515 is divided by 47363.
63
What is the remainder when 36992 is divided by 6472?
4632
What is the remainder when 321250 is divided by 291?
277
Calculate the remainder when 55537497 is divided by 3306.
3
Calculate the remainder when 10679841 is divided by 821517.
120
Calculate the remainder when 936254 is divided by 712.
686
What is the remainder when 51338985 is divided by 2?
1
Calculate the remainder when 98526 is divided by 260.
246
Calculate the remainder when 887723 is divided by 61.
51
What is the remainder when 73815 is divided by 294?
21
Calculate the remainder when 578042 is divided by 2258.
2252
What is the remainder when 6524988 is divided by 4718?
4712
Calculate the remainder when 145606 is divided by 1472.
1350
Calculate the remainder when 2511602 is divided by 156.
2
What is the remainder when 35193868 is divided by 202263?
106
What is the remainder when 40645 is divided by 1788?
1309
Calculate the remainder when 8134198 is divided by 24649.
28
What is the remainder when 1773942 is divided by 827?
27
What is the remainder when 189129 is divided by 31510?
69
What is the remainder when 144971600 is divided by 207?
185
What is the remainder when 11293247 is divided by 284?
271
What is the remainder when 92571556 is divided by 37?
35
Calculate the remainder when 2884236 is divided by 17.
16
What is the remainder when 893917 is divided by 446841?
235
What is the remainder when 13165510 is divided by 4388501?
7
Calculate the remainder when 80736 is divided by 51.
3
What is the remainder when 44043 is divided by 14668?
39
What is the remainder when 952523 is divided by 95248?
43
What is the remainder when 120642 is divided by 398?
48
What is the remainder when 252294 is divided by 84090?
24
What is the remainder when 145409 is divided by 20091?
4772
What is the remainder when 123262797 is divided by 200?
197
Calculate the remainder when 460155 is divided by 4.
3
Calculate the remainder when 435012827 is divided by 9886655.
7
Calculate the remainder when 136181 is divided by 1844.
1569
What is the remainder when 439137 is divided by 438951?
186
What is the remainder when 700699 is divided by 22?
21
Calculate the remainder when 79181169 is divided by 1622.
1617
What is the remainder when 6711034 is divided by 939?
1
Calculate the remainder when 153813 is divided by 13563.
4620
What is the remainder when 58657808 is divided by 1023?
11
Calculate the remainder when 1370522 is divided by 1370458.
64
What is the remainder when 5436435 is divided by 11186?
39
Calculate the remainder when 375736037 is divided by 17.
14
What is the remainder when 463375 is divided by 877?
319
What is the remainder when 67040 is divided by 13050?
1790
Calculate the remainder when 4550414 is divided by 144.
14
What is the remainder when 130043 is divided by 3334?
17
What is the remainder when 249892117 is divided by 10?
7
What is the remainder when 616409 is divided by 2726?
333
Calculate the remainder when 16782678 is divided by 1511.
1
Calculate the remainder when 643180 is divided by 67.
47
Calculate the remainder when 33363 is divided by 8314.
107
Calculate the remainder when 1080590 is divided by 12414.
572
What is the remainder when 18694 is divided by 6167?
193
Calculate the remainder when 26662658 is divided by 512740.
178
Calculate the remainder when 293561 is divided by 3928.
2889
What is the remainder when 36102 is divided by 6017?
0
What is the remainder when 414943 is divided by 4180?
1123
Calculate the remainder when 345411 is divided by 254.
225
What is the remainder when 130259313 is divided by 37?
36
Calculate the remainder when 1810985 is divided by 1319.
1317
Calculate the remainder when 8589 is divided by 268.
13
What is the remainder when 264863326 is divided by 470?
466
What is the remainder when 255639707 is divided by 698?
697
Calculate the remainder when 54519 is divided by 329.
234
Calculate the remainder when 64203 is divided by 21123.
834
Calculate the remainder when 8487367 is divided by 8841.
7
What is the remainder when 1649607 is divided by 11953?
93
What is the remainder when 13134 is divided by 1873?
23
Calculate the remainder when 15945045 is divided by 19.
17
What is the remainder when 126648828 is divided by 245?
243
What is the remainder when 819890 is divided by 37266?
38
What is the remainder when 215489 is divided by 165?
164
What is the remainder when 36760342 is divided by 829?
824
Calculate the remainder when 27429878 is divided by 29.
25
Calculate the remainder when 130553934 is divided by 19185.
9
Calculate the remainder when 2569310 is divided by 89.
58
Calculate the remainder when 95407950 is divided by 9.
3
Calculate the remainder when 385655 is divided by 325.
205
Calculate the remainder when 21380 is divided by 10320.
740
Calculate the remainder when 15859807 is divided by 32040.
7
Calculate the remainder when 19303792 is divided by 3217297.
10
What is the remainder when 37449 is divided by 18446?
557
Calculate the remainder when 3686826 is divided by 210.
66
What is the remainder when 317602 is divided by 8822?
10
What is the remainder when 1169111 is divided by 303?
137
What is the remainder when 399092 is divided by 199328?
436
Calculate the remainder when 8053213 is divided by 66009.
115
Calculate the remainder when 3354662 is divided by 670932.
2
What is the remainder when 18679 is divided by 911?
459
What is the remainder when 101050819 is divided by 2391?
2377
Calculate the remainder when 1018284 is divided by 957.
36
Calculate the remainder when 4015 is divided by 1001.
11
Calculate the remainder when 403726 is divided by 456.
166
What is the remainder when 3572529 is divided by 1190832?
33
Calculate the remainder when 4417727 is divided by 112.
111
What is the remainder when 66079 is divided by 140?
139
Calculate the remainder when 3522963 is divided by 1761463.
37
What is the remainder when 41938698 is divided by 13979565?
3
What is the remainder when 18658492 is divided by 801?
799
What is the remainder when 16257314 is divided by 143870?
4
What is the remainder when 1606 is divided by 271?
251
Calculate the remainder when 13970713 is divided by 402.
7
Calculate the remainder when 480481 is divided by 2214.
43
Calculate the remainder when 14851932 is divided by 45.
42
What is the remainder when 85732 is divided by 7?
3
Calculate the remainder when